-x**2 + 18*x + 121. What is f(23)?
6
Let k(m) = 439*m - 3507. Determine k(8).
5
Let v(o) = o**3 + 3*o**2 - 11*o - 43. Calculate v(-3).
-10
Let k(w) = -97*w + 1083. What is k(13)?
-178
Let k(v) = -v**2 - 132*v - 2855. Give k(-105).
-20
Let z(n) = -n**3 - 16*n**2 + 9*n + 138. What is z(-16)?
-6
Let d(c) = 106*c - 1013. Determine d(10).
47
Let x(k) = 5*k**2 - 230*k - 229. Give x(-1).
6
Let a(i) = i**3 + 6*i**2 - 479*i + 85. What is a(19)?
9
Let m(h) = 7*h**2 - 7*h - 15. Determine m(-3).
69
Let o(d) = 25*d**3 - 10*d**2 + 10*d + 20. Give o(-1).
-25
Let h(a) = 16*a - 207. What is h(4)?
-143
Let g(p) = -p**2 - 34*p - 338. What is g(-22)?
-74
Let i(m) = -m**2 + 12*m + 907. What is i(-25)?
-18
Let u(v) = 20*v - 515. Give u(10).
-315
Let f(i) = -1335*i + 45402. What is f(34)?
12
Let b(o) = -o**3 - 23*o**2 - 142*o - 475. Give b(-16).
5
Let z(w) = -w**3 - 169*w**2 + 197*w + 4593. Calculate z(-170).
3
Let g(u) = -586*u + 12884. What is g(22)?
-8
Let o(u) = u**2 - 152*u - 7652. Determine o(-40).
28
Let b(l) = 2*l**3 - 79*l**2 + 38*l + 17. Calculate b(39).
-22
Let d(x) = -2*x**3 + 7*x**2 + 79*x - 334. Give d(4).
-34
Let d(w) = 208*w - 2074. Determine d(10).
6
Let k(h) = 2*h**3 + 9*h**2 + h - 5. Determine k(-6).
-119
Let p(w) = 347*w + 17710. What is p(-51)?
13
Let v(l) = -l**2 + 73*l - 1203. Give v(22).
-81
Let s(v) = 15*v + 229. Calculate s(-10).
79
Let k(b) = b**2 + 267*b - 3638. Determine k(13).
2
Let m(z) = 39*z - 231. Calculate m(6).
3
Let g(x) = x**3 - 11*x**2 - 60*x + 29. What is g(15)?
29
Let b(z) = -4*z**2 + 239*z - 974. Calculate b(4).
-82
Let x(y) = 28*y**2 - 224*y + 190. Give x(7).
-6
Let k(m) = -24*m + 16. Determine k(2).
-32
Let u(d) = 3*d**2 - 33*d + 112. What is u(5)?
22
Let r(o) = o**2 + 7*o - 266. Give r(10).
-96
Let d(g) = 16*g**3 + 5*g**2 - 2*g + 1. Give d(2).
145
Let z(p) = 7*p**2 - 246*p + 250. Give z(34).
-22
Let k(d) = -75*d + 824. Determine k(11).
-1
Let l(p) = 9*p**2 - 295*p + 64. Determine l(33).
130
Let o(v) = -v**3 - 6*v**2 + 96*v + 54. Calculate o(-13).
-11
Let h(o) = o**3 - 475*o**2 + 1336*o + 37764. What is h(472)?
4
Let p(s) = -s**3 + 4*s**2 + 4*s + 252. Calculate p(0).
252
Let v(z) = z**2 - 1112*z - 11200. Give v(-10).
20
Let g(v) = 2*v**3 + 18*v**2 + 5*v - 41. Calculate g(-8).
47
Let k(z) = -258*z - 6710. Determine k(-26).
-2
Let y(k) = 11*k - 150. What is y(10)?
-40
Let t(b) = 2*b**3 - 20*b**2 - 11*b + 45. Give t(10).
-65
Let v(j) = 78*j + 1137. Calculate v(-15).
-33
Let j(y) = -2*y**3 - 47*y**2 - 230*y - 6097. Determine j(-24).
-1
Let v(k) = -4*k**3 + 97*k**2 - 51*k + 619. Determine v(24).
-29
Let b(g) = -g**3 + 122*g**2 - 1019*g + 236. What is b(113)?
10
Let j(x) = 53*x + 628. Determine j(-12).
-8
Let m(a) = -21*a - 231. Calculate m(-14).
63
Let n(j) = -41*j + 124. Determine n(4).
-40
Let j(s) = -23*s**2 - 88*s - 1. Calculate j(-4).
-17
Let q(a) = 7*a**3 + a**2 + 2*a - 6. Determine q(2).
58
Let m(q) = -q**2 + 69*q - 1143. What is m(30)?
27
Let m(f) = -136*f - 8702. Determine m(-64).
2
Let v(b) = -b**2 - 40*b - 239. What is v(-34)?
-35
Let h(p) = -57*p + 560. Determine h(5).
275
Let o(g) = g**3 + 21*g**2 + 117*g + 41. What is o(-11)?
-36
Let n(x) = 6*x**3 + 74*x**2 + 32*x + 98. Determine n(-12).
2
Let n(t) = -315*t - 727. What is n(-3)?
218
Let w(k) = -8*k**2 + 12*k - 16. Give w(2).
-24
Let p(i) = -18*i - 64. What is p(-4)?
8
Let w(d) = 7*d**3 + 26*d**2 + 22*d + 48. What is w(-3)?
27
Let i(y) = 1018*y + 129288. Give i(-127).
2
Let x(p) = 104*p + 6090. What is x(-57)?
162
Let z(v) = 2*v**3 + 49*v**2 - 18*v + 186. Calculate z(-25).
11
Let q(h) = -h**3 + 13*h**2 - 9*h - 8. What is q(6)?
190
Let z(c) = c**3 - 13*c**2 - 16*c - 69. What is z(11)?
-487
Let r(t) = -2*t**3 - 104*t**2 + 93*t + 277. Give r(-53).
966
Let v(s) = -3182*s + 3195. What is v(1)?
13
Let r(g) = -g**2 + 14*g + 447. Give r(23).
240
Let k(d) = d**3 - 67*d**2 - 223*d + 902. Give k(70).
-8
Let z(c) = 3*c**3 - 145*c**2 - 84*c - 685. Give z(49).
1
Let u(v) = 44*v - 4061. What is u(91)?
-57
Let a(o) = -35*o**2 - 11*o + 44. Give a(3).
-304
Let b(h) = -6*h - 238. What is b(-25)?
-88
Let i(b) = -13*b**3 - 3539*b**2 - 817*b - 269. Determine i(-272).
3
Let f(n) = 2*n**2 - 3*n - 635. Determine f(-17).
-6
Let r(g) = g**2 + 2*g - 34. Give r(3).
-19
Let m(u) = -2*u**3 - 271*u**2 + 6932*u - 38. Calculate m(22).
6
Let k(o) = 6*o - 51. What is k(6)?
-15
Let u(o) = o**3 + 31*o**2 - 74*o + 75. Calculate u(-33).
339
Let g(t) = 994*t - 7943. Calculate g(8).
9
Let a(c) = -737*c + 5678. What is a(7)?
519
Let u(p) = -6*p**3 - 13*p**2 + 2. Calculate u(-2).
-2
Let z(i) = -2*i**3 - 20*i**2 + 19*i + 22. Calculate z(-11).
55
Let t(s) = 71*s - 771. What is t(10)?
-61
Let g(j) = j**3 + 58*j**2 + 478*j - 20. Determine g(-10).
0
Let o(x) = -9794*x - 9800. Determine o(-1).
-6
Let g(n) = 226*n + 55391. What is g(-245)?
21
Let f(i) = -635*i - 5052. Determine f(-8).
28
Let p(m) = -m**3 - 9*m**2 - 24*m + 3. Calculate p(-6).
39
Let j(m) = 4*m**2 - 75*m + 90. What is j(18)?
36
Let q(b) = 3*b**2 + 153*b + 1331. Calculate q(-11).
11
Let d(i) = -i**2 - 762*i - 4560. What is d(-6)?
-24
Let t(x) = x**2 + 13*x - 195. Calculate t(9).
3
Let z(d) = -4*d**3 + 18*d**2 - d + 12. Give z(4).
40
Let r(v) = v**3 + 23*v**2 + 127*v - 105. What is r(-13)?
-66
Let a(h) = -255*h + 3. Calculate a(0).
3
Let h(r) = -35*r - 707. Calculate h(-20).
-7
Let a(u) = -u**2 + 3824*u - 26728. Give a(7).
-9
Let p(f) = -2*f**2 + 64*f + 837. Calculate p(-10).
-3
Let o(d) = -d**3 + 6*d**2 + 6*d + 18. What is o(9)?
-171
Let a(j) = 5*j**2 - 227*j + 2147. Determine a(32).
3
Let d(o) = -495*o + 1484. Calculate d(3).
-1
Let u(s) = -3*s**2 - 98*s + 69. Give u(-33).
36
Let n(v) = -52*v + 802. Give n(15).
22
Let a(k) = k**2 + 47*k - 4946. Calculate a(51).
52
Let d(h) = -h**2 - 1844*h + 46720. Determine d(25).
-5
Let k(y) = 9*y**2 + 117*y - 424. What is k(-16)?
8
Let v(j) = -j**2 - 18*j + 88. Calculate v(4).
0
Let s(r) = 2*r**3 + 16*r**2 + 19*r + 104. Give s(-7).
69
Let p(s) = -s**3 - 19*s**2 + 42*s + 29. Determine p(-20).
-411
Let x(i) = -25*i**3 + 7*i**2 - 8*i + 2. Calculate x(1).
-24
Let m(t) = 3*t**2 + 55*t + 75. Calculate m(-17).
7
Let v(a) = -30*a**2 + 46*a + 41. Give v(-1).
-35
Let a(z) = z**3 - 38*z**2 + 239*z + 27. Give a(30).
-3
Let c(t) = t**2 + 16*t - 65. Determine c(-16).
-65
Let n(t) = 36*t**2 + 68*t + 5. Determine n(-2).
13
Let d(k) = 23534*k + 188273. Give d(-8).
1
Let y(h) = -2*h**2 + 90*h - 529. Give y(7).
3
Let w(i) = 14*i**2 + 160*i + 65. What is w(-11)?
-1
Let m(h) = h**2 + 106*h - 1450. Calculate m(12).
-34
Let s(y) = y**2 + 1619*y + 11277. Calculate s(-7).
-7
Let a(r) = 2*r**3 - 19*r**2 + 30*r - 222. What is a(9)?
-33
Let w(u) = 983*u + 7864. Give w(-8).
0
Let b(d) = 2*d**3 + 684*d**2 - 1369*d - 12. Determine b(2).
2
Let g(p) = p**3 - 7*p**2 - 40*p + 95. What is g(5)?
-155
Let t(h) = -4*h**3 + 128*h**2 - 31*h + 997. Calculate t(32).
5
Let v(c) = 66*c - 1213. Determine v(20).
107
Let k(v) = v**2 + 16*v + 19. Determine k(-22).
151
Let o(b) = -2*b**3 + 30*b**2 - 27*b - 13. Calculate o(14).
1
Let p(f) = f**3 + 20*f**2 + 27*f + 123. Determine p(-19).
-29
Let k(z) = 107*z + 1686. What is k(-18)?
-240
Let w(l) = 5913*l - 47340. Calculate w(8).
-36
Let h(o) = 2*o**3 - 3*o**2 + 9*o - 40. Give h(5).
180
Let o(n) = -947*n + 6616. Calculate o(7).
-13
Let p(d) = 19*d - 33. Determine p(6).
81
Let n(j) = 54*j**2 - 33*j. Give n(-2).
282
Let p(z) = -z**3 - 16*z**2 - 28*z - 11. Determine p(-14).
-11
Let m(v) = -14*v**2 - 1320*v + 943. Give m(-95).
-7
Let k(h) = -2*h**3 + 10*h**2 + 25*h - 6. Give k(7).
-27
Let j(s) = 4*s**2 + 36*s + 175. Give j(-6).
103
Let g(q) = 5*q**3 + 17*q**2 - 76*q + 47. Determine g(3).
107
Let k(a) = 126*a + 244. Calculate k(-2).
-8
Let t(c) = -c**2 + 23*c + 697. Give t(40).
17
Let u(g) = 8*g**2 + 789*g + 579. Determine u(-98).
89
Let o(i) = 65*i + 22683. Determine o(-349).
-2
Let n(u) = 4*u**3 - 114*u**2 - 60*u - 31. Calculate n(29).
-89
Let p(k) = -3*k**2 - 74*k + 166. Calculate p(3).
-83
Let y(u) = -u**2 + 25*u - 39. Give y(7).
87
Let r(a) = a**2 + 19*a + 75. Give r(-6).
-3
Let g(j) = j**3 - 25*j**2 + 223*j - 1256. Give g(16).
8
Let w(b) = 2*b**3 - b**2 - 10*b + 25. Give w(5).
200
Let y(n) = -2*n**2 + 11*n + 55. Determine y(-3).
4
Let h(i) = 231*i + 2300. Give h(-10).
-10
Let g(f) = f**2 + 8*f - 34. Determine 